+ 52. What is m(2)?
-13
Suppose 2*m - 2*n = -4*n, 3*m - 5*n = 32. Let u(i) = -3*i + m*i + 0*i - 3. What is u(5)?
2
Let q(d) = -13*d**3 + 5*d**2 + 7*d - 10. Let r(j) = 37*j**3 - 14*j**2 - 20*j + 29. Let k(m) = -17*q(m) - 6*r(m). Calculate k(-3).
11
Suppose -10*q + 36 = -q. Let n(d) = d**2 + d. Let u(z) = -z**3 + 7*z**2 + 2. Let j(m) = 2*n(m) - u(m). Determine j(q).
-10
Let b(p) = p**2 - 7*p + 5. Suppose h + 4 = 2*n + 5, 2*n = -4*h + 24. Determine b(h).
-5
Let v = -1 + 3. Let r(d) = -2*d**3 + 0*d**3 - v + 0*d**3 - d**2. Determine r(-2).
10
Let m(o) = o**3 + 7*o**2 + 6*o - 6. Let i(a) = a**3 + 8*a**2 - 6. Let r be i(-8). Calculate m(r).
-6
Let s(v) = 6*v - 2. Let n(b) = -5*b + 2. Let x(k) = -7*n(k) - 6*s(k). What is x(-4)?
2
Let j(g) = -g + 3. Suppose -5*a + 40 = 3*a. Determine j(a).
-2
Let p(m) = 5*m**2 + 1. Let t(s) be the second derivative of -5*s**4/3 - 2*s**2 + 4*s. Let j(a) = -9*p(a) - 2*t(a). Give j(1).
-6
Suppose -2*y - 3 = -7, -y - 18 = 5*v. Let q = -2 - v. Let b(m) = m**3 + m**2 + 0*m**2 - q*m**3. Determine b(2).
-4
Let f(v) = -4*v**2 - 7*v**2 + 4*v**2. Determine f(-1).
-7
Let b(p) = -2*p - 1. Let m(x) = -2*x**2 - 1. Let h be m(-1). Let r(c) = 0 + 3 + 2*c + 0*c. Let v be r(h). Determine b(v).
5
Let n(o) = -4*o + 1. Let s = -7 - -9. Let b = s + 0. What is n(b)?
-7
Let t(j) = 2*j + 0 - j - 4. Determine t(-3).
-7
Let f(j) be the third derivative of -j**7/280 + j**6/360 + j**5/120 + j**3/6 + j**2. Let r(v) be the first derivative of f(v). Let t = -1 - 0. Calculate r(t).
3
Let k(t) = 2*t + 12. Let n(s) = s + 1. Let d(m) = -k(m) + 3*n(m). Let r(i) = 2*i - 19. Let w(o) = -7*d(o) + 3*r(o). Determine w(6).
0
Let r = -2 - -4. Suppose r*y = -0 - 10. Let x(t) = t**3 + 6*t**2 + 7*t + 2. What is x(y)?
-8
Suppose -7 = -4*t + 3*t. Let l(r) = 11*r - 4*r + r**2 + 0*r**2 + t. Give l(-6).
1
Let n = -52 - -54. Let g(m) = -m. What is g(n)?
-2
Suppose -i + 5 - 1 = 0. Let z be 38/(-14) + i/(-14). Let p(a) be the second derivative of a**4/6 + 5*a**3/6 + a**2 + 9*a. Give p(z).
5
Let p be ((-1)/(-2))/(2/4). Let s(c) = 6*c + p + c**2 - 7 - 2*c**2 - 2*c. What is s(5)?
-11
Let i(d) be the third derivative of d**6/120 + d**5/12 + d**3 - 18*d**2. Give i(-5).
6
Let w(q) = 3 - 8*q**3 - 2*q**3 + 9*q**3 + 6 + 10*q**2. Give w(10).
9
Suppose 3*t = -2*y - 14, 0*t + 4*t - 2*y = 0. Let a be 2/t + 3 + 1. Let m(d) = d**3 - 3*d**2. Determine m(a).
0
Let x(b) = 5*b + 8. Let a(n) = n**2 - 8*n + 1. Let s be a(7). What is x(s)?
-22
Let c(u) = u - 8. Let j(p) = -p + 9. Let y(d) = -d**3 - 3*d**2 + 3*d - 1. Let i be y(-4). Let w(f) = i*c(f) + 2*j(f). Let b = 18 - 13. What is w(b)?
-1
Let h = -3 + 5. Let q(i) = -6*i + h*i**2 - 3*i**2 - 1 + 2*i**2. Suppose 0 = -4*p - 5*t, -p + 10 = -t + 1. Give q(p).
-6
Suppose 0 = -8*n + 2*n - 30. Let x(b) = -b**2 - 6*b - 6. Calculate x(n).
-1
Let f(q) be the third derivative of -q**4/24 - q**2. Suppose -2*h + 7*h - 10 = -5*m, -5*m + 14 = 4*h. Suppose -m = t - 3. Give f(t).
3
Suppose 2*d - k = 2 - 4, -2*d = -2*k. Let b(f) = f**3 + f**2 - 4*f - 3. Let u be b(d). Let i(t) = -6*t**3 + t - 1. Calculate i(u).
-6
Let z(u) = -u**3 + 3*u**2 - u - 1. Suppose 3*h + 2*p - 22 = 0, 2*h - 6*p = -2*p + 20. Let d be (-38)/(-6) - 38/(-57). Suppose -h = 3*i - d*i. Calculate z(i).
1
Let u be (-1)/(2 - -1)*-6. Let r be -1 - (2/1 - u). Let y(l) = -9*l**2 + l + 1. Give y(r).
-9
Let l(y) be the second derivative of -y**3/3 - y**2/2 + y. Let t be (7 + -5)/(0 + 1). Suppose -4*j + t*j = 4. What is l(j)?
3
Let h(i) = i - 2. Let f be h(3). Let a be ((-1)/f)/(2/8). Let w(y) = -y**3 - 3*y**2 + 3*y + 1. What is w(a)?
5
Suppose 3*v - h - 20 = 0, 4*h = -v + 1 + 10. Let b(t) = -t + 10. Calculate b(v).
3
Let l(k) = k**3 - 9*k**2 - 7*k - 5. Let u(c) = c**3 - 9*c**2 - 8*c - 5. Let t(m) = 2*l(m) - 3*u(m). What is t(10)?
5
Let u(q) be the third derivative of q**6/120 + q**5/60 + q**4/12 + q**2. Let d be (-1)/2*(-2 - -2). Suppose d*i - i - 2 = 0. What is u(i)?
-8
Let h(d) = 3*d**2 + 18*d - 8. Let k = -16 + 22. Let q = 56 - 39. Let a(o) = -o**2 - 6*o + 3. Let c(y) = k*h(y) + q*a(y). Calculate c(-4).
-5
Let d(z) = z - 2. Let h(x) = -x + 3. Let i(s) = -3*d(s) - h(s). Determine i(-3).
9
Let d(k) = -k**3 + k**2 - 6. Let m(a) = a**3 - a**2 + 5. Suppose 0 = -4*q + 2 + 6. Let b(y) = q*m(y) + 3*d(y). Calculate b(0).
-8
Let n be 6/10 + (-26)/10. Let o(q) = -q. Let r(m) = -5*m - 1. Let c(i) = n*r(i) + 11*o(i). What is c(-4)?
6
Let d(k) = k**2 - 3*k - 6. Let w = 40 - 1. Let y be w/12 - 1/4. Suppose y = -3*o + 4*n - 2, -4*o + n + 15 = 0. Give d(o).
4
Let w(d) = 9*d - 4. Let g(i) = -18*i + 9. Let j(c) = -3*g(c) - 7*w(c). What is j(1)?
-8
Let g(o) = -o**3 + 4*o**2 + o - 3. Let u be 3/(-12) + 34/8. Let r be g(u). Let l(d) = 2*d**3 - 3*d**3 + r + 3*d - 4*d + 2. Calculate l(0).
3
Suppose -4*i - 28 = i - 2*m, 0 = -5*i + 3*m - 32. Let a(o) = o**3 + 4*o**2 + 3*o + 2. Give a(i).
-10
Let z(t) = -5*t**3 + 12*t**2 + 4*t - 7. Let u(w) = -w**3 + 7 + w + 5*w**3 - 11*w**2 - 5*w. Let y(n) = 6*u(n) + 5*z(n). Suppose 0*v - 5*v - 25 = 0. Give y(v).
2
Let h be ((-20)/6)/(2/(-3)). Let a = -16 - -18. Let y(d) = -a + 9*d**2 - 14*d**2 + 0*d**2 + d**3. Give y(h).
-2
Let o(n) = 9*n**2 + 4*n - 5. Let f be o(1). Let u(h) = -h**3 + 8*h**2 - 6. Calculate u(f).
-6
Let u(f) = 3*f - 29. Let q(k) = -k + 10. Let i(o) = 17*q(o) + 6*u(o). Suppose -4*v + 5 = -15. Calculate i(v).
1
Let j = 20 - 30. Let n = j - -7. Let m(g) = g - 3. Give m(n).
-6
Let b be (-88)/(-14) - (-4)/(-14). Let t(l) = 10*l - 5*l - 2*l**2 - b*l. What is t(2)?
-10
Let z(y) = -18*y**3 - 4 + 17*y**3 + 2*y**2 - 2*y**2 - y. Suppose -2*c = 3*c - 25. Suppose 5*f - 25 = -4*p, -3*p = -c*f + 4*f + 5. Give z(p).
-4
Let x = 4 - 7. Let q(k) be the first derivative of -1 - 3*k + 1/2*k**2. Calculate q(x).
-6
Let o(f) = 3*f**3 - 38*f**2 - 11*f - 3. Let t(h) = -h**3 + 13*h**2 + 4*h + 1. Let p(y) = -4*o(y) - 11*t(y). Calculate p(9).
1
Let h(m) = m**3 + 5*m**2 - 7*m + 4. Let g(j) = -7*j**2 + j. Let d be g(-1). Let n = d + 2. Determine h(n).
10
Let q = -54 + 59. Let r(i) = 3*i + 1. Determine r(q).
16
Let v(o) = o**3 + 5*o**2 + 2*o - 4. Let t(a) = a**3 + 7*a**2 + 4*a - 8. Let c be t(-6). Let i = c - -3. Let h = i - 11. Determine v(h).
4
Suppose -2*k + 12 = 2. Let b(z) = 3*z - 6. Give b(k).
9
Let x = 27 + -24. Let j(k) be the second derivative of 0 + 1/2*k**2 + 2*k - 1/6*k**x. Determine j(5).
-4
Suppose m - 5 = 2*m + 2*u, 5*m + 4*u + 1 = 0. Let r(j) = -3*j**3 + 4*j**m - 8*j - 5 + j + 2*j**2. Let c = -13 + 9. Give r(c).
-9
Let k(v) be the second derivative of v**4/12 - 5*v**3/6 + v**2/2 - 18*v. What is k(6)?
7
Let n(c) = 10*c**2 - c - 5. Let a(b) = -9*b**2 + b + 4. Let h(u) = 5*a(u) + 4*n(u). Suppose -2*y = -y + 1. Let j be -2*y*(-2)/4. Determine h(j).
-6
Let x be (-12)/(-54) - 43/(-9). Let t(h) = -5*h**3 - 5*h - 6. Let u(a) = a + 1. Let z(g) = x*u(g) + t(g). Let y = -2 + 3. Give z(y).
-6
Let p(r) = 3*r**3 + r**2 - 2*r + 1. Suppose 0 = -l + 5, -5*a - 5*l + 6 - 1 = 0. Let v be (-18)/9*2/a. Determine p(v).
3
Let g(x) be the first derivative of x**5/60 - x**3/3 + 1. Let y(z) be the third derivative of g(z). Calculate y(-3).
-6
Let f(r) = 2*r - 3. Let b be f(4). Let u(y) = y**3 - 4*y**2 + 3*y + 2. Let h be u(3). Let p(g) = h*g - g + 2 - 6. Calculate p(b).
1
Let c(v) = v**2 - 5*v + 5. Let m be c(4). Let j = m + -3. Let y(o) = -15*o + 18. Let s(w) = 4*w - 5. Let g(k) = 22*s(k) + 6*y(k). What is g(j)?
2
Let n(v) = -v**3 + 2*v**2 + 3*v - 5. Let p be (-6)/(((-2)/8)/(3/18)). What is n(p)?
-25
Let j(p) be the second derivative of -p**5/20 + 3*p**4/4 + 5*p**3/3 + p**2/2 - 27*p. Give j(10).
1
Let w(z) = 3*z**2 - 1. Let j be w(1). Let a(d) = -2*d**3 + 5*d**j - d - 1 + 3*d + d**3. Let y(o) = -o**3 - o**2 - 2*o - 3. Let m be y(-2). What is a(m)?
9
Let i(h) = -h**3 + 8*h**2 + 10*h + 1. Let r(z) = -z**2 - 3*z + 9. Let n be r(0). Calculate i(n).
10
Suppose -2*j + 5*j - 3 = 0. Let c(b) = -b - 1. Let m(l) = -3*l - 14. Let p(a) = j*m(a) - 4*c(a). What is p(5)?
-5
Let c(x) be the third derivative of x**5/60 - x**4/24 + x**3/3 + 7*x**2 - 2*x. Calculate c(3).
8
Let j(m) = m**3 - 7*m**2 - 2*m + 9. Let g be j(7). Let h(z) = z**3 + 5*z**2 + 3*z + 4. Determine h(g).
-11
Suppose -2 = 4*n - 2*b, 5*n + 0*n + 5 = 5*b. Let c(h) = h**2 + h + 5. Determine c(n).
5
Let r(k) = -k**2 + 3*k + 2. Let s be r(3). Let m(h) be the third